 composite number?
False
Suppose 5*t = -2*i + 9, 0 = -6*i + 2*i + 3*t + 5. Let s be 2/9 + 644/18. Suppose 4*b + 4*m - 17 - 15 = 0, -s = -2*b + i*m. Is b prime?
True
Let l = -28 - -19. Is l/6*(-158)/3 a composite number?
False
Let y = 2 + -2. Suppose 5*m - 3*m = y. Suppose 5*s - 14 - 16 = m. Is s prime?
False
Let v be (69 - -2)*(25 + 0). Suppose g = 4*f + 2*g - 1414, 5*g - v = -5*f. Is f composite?
False
Let g(y) = 252*y + 1. Is g(3) composite?
False
Let p(c) = -30*c + 11. Is p(-7) prime?
False
Let g(c) = 217*c**3 - c + 1. Is g(1) a prime number?
False
Let q be (-2)/(1 + 9/(-6)). Suppose -15 = -h - q*h - n, -18 = -4*h - 2*n. Suppose -2*d + c + 3*c + 24 = 0, -2*d = h*c - 6. Is d composite?
True
Suppose 0 = 3*g + 2*k - 599, -2*g + 0*k + 2*k + 416 = 0. Is g prime?
False
Let m(p) = 3*p**3 + 4*p**2 - p + 5. Is m(4) a composite number?
False
Suppose 2*m + a = -3*a + 1350, -4 = 4*a. Is m composite?
False
Is 145 - 16/(0 - 4) a composite number?
False
Let q(b) = -3091*b**3 + 3*b**2 + 3*b + 2. Is q(-1) prime?
False
Let s(j) = j**2 - 12*j + 5. Let o be s(11). Let f(m) = 7 - 5*m + 0 + 2*m. Is f(o) composite?
True
Suppose 265 = -5*t + 4*u + 65, t + 4*u + 16 = 0. Let q = t - -259. Is q a prime number?
True
Suppose 2*a = -a - 18. Let z = a - -97. Is z composite?
True
Suppose 3*c - 5*r + 4*r - 492 = 0, 2*c + 5*r - 311 = 0. Is c composite?
False
Let x = -29 + 51. Is x a prime number?
False
Suppose 5 = -4*l + 21. Suppose 2*t - 4 = -i, -4*t + 2*i - l = i. Let z = 19 + t. Is z a prime number?
True
Let t = 762 + 35. Is t composite?
False
Suppose 4*x - x - 482 = -2*l, -3*l - 4*x = -721. Is l prime?
False
Suppose 0 = g - 4*z - 14, 0 = 2*g + 3*g - z - 32. Suppose -3*i = -2*c - 53, -4*c + 83 = -g*c - 3*i. Let j = c - -113. Is j composite?
False
Suppose -p = 3*l - 6518, -3*p - 9*l + 19565 = -11*l. Is p a prime number?
True
Let t be 10 + 0 + -1 + -1. Let j(p) = p**2 + 2*p + 3. Is j(t) prime?
True
Suppose -4*f + 5 + 3 = 0. Suppose -f*t + 3*c + 24 = -t, 2*t - 88 = -2*c. Is t prime?
False
Suppose 4*u - 5*h = -15, -u - 2*h + 6 = -0*u. Suppose 5*f - f - 364 = u. Is f a composite number?
True
Suppose -178 - 887 = -5*u. Is u composite?
True
Suppose 2*b = -4*q + 234, -2*b + 6 = -0*b. Is q composite?
True
Let u be (-327)/(-3) + (0 - -1). Suppose 3*i + 2*i = 5*b + u, -5*b + 44 = 2*i. Is i prime?
False
Let o(h) = h**3 - 6*h**2. Let u be o(6). Let j = 2 - u. Suppose -j*x + m + 90 = 0, 4*x - 4*m - 177 = 11. Is x a composite number?
False
Let u be (4/4)/((-1)/(-4)). Suppose -u*i + 5*v = -0*v - 208, -4*i + 4*v + 204 = 0. Is i a composite number?
False
Let q = 9 - 6. Suppose q*c = -2*c + 1055. Suppose -3*y + c = -2*y. Is y composite?
False
Let p(j) = -2*j - 5. Suppose 8 = 2*a + 20. Is p(a) prime?
True
Is 6/3 - (-10536)/8 composite?
False
Let x(i) = i**3 + 7*i**2 - 4*i + 1. Let n be x(-6). Let v = 112 - n. Suppose -3*d + 54 = -v. Is d a prime number?
False
Suppose 2*b = 4 + 4. Suppose -2*u + 185 = 3*u. Suppose -b*k + u = -175. Is k a prime number?
True
Let u(g) be the first derivative of 2*g**3/3 + 6. Is u(1) a prime number?
True
Let v(i) = -i**2 - 5*i - 1. Let n be v(-4). Suppose 0 = n*z - 4*z + 3. Is ((-33)/6)/(z/(-18)) composite?
True
Let b = 613 + -159. Is b a prime number?
False
Let i(k) = -k + 11. Let s be i(9). Let m(o) = -3*o + 7. Let a be m(-7). Suppose 0 = -s*r + 6*r - a. Is r prime?
True
Suppose k + 0*k - 1 = 0. Suppose k = p - 3. Suppose -72 + 16 = -2*d - 5*w, -4*d + p*w = -84. Is d composite?
False
Let l be 34/8 + 2/(-8). Let o(s) = s**3 - s**2. Let f(b) = 5*b**3 - 8*b**2 - 2. Let i(z) = l*o(z) - f(z). Is i(3) composite?
False
Let u = 18 + -14. Suppose -u*o + 5*o = 142. Is o a composite number?
True
Let i(j) = j**2 - 4*j - 5. Let y be i(5). Suppose -h = 4*f - 3*f - 6, y = 3*h - 2*f - 3. Suppose 5*b = -2*k + 73, h*b = -4*k + 67 - 12. Is b prime?
True
Let p be 189 + (-3 - -4 - 0). Suppose 141 = 2*w + 2*l - 227, w - p = l. Is w prime?
False
Let k be 4/4 - 0/2. Is -3 + (k - -1) + 224 a prime number?
True
Let g be 707/(-14) + (-6)/4. Let c = 98 + g. Is c a prime number?
False
Suppose -3*x + 7 = 5*z, 5*z = x + x - 13. Let v be -65*8*z/(-10). Let u = 275 + v. Is u composite?
False
Let x(m) = -m**3 + 4*m**2 + 6*m - 3. Let t be x(5). Let w be (3/t)/((-1)/(-2)). Suppose w*y - 94 = -37. Is y prime?
True
Suppose 3*w + 262 = i - 147, 667 = -5*w - 2*i. Let a = -96 - w. Is a composite?
True
Suppose 0 = c - 4*c + 540. Suppose 0*l = -l + g + 51, -4*l - 2*g + c = 0. Is l composite?
False
Let a(j) = -j**3 - 4*j**2 + 13*j - 1. Is a(-7) prime?
False
Let w be 0/((-3)/3 + 3). Let a = 1 - w. Is (a*22)/(5 - 4) a composite number?
True
Suppose 27 = 5*w + h, 6*w - 2*w + 2*h = 24. Suppose -968 = -w*a - 153. Suppose 19 + a = 2*j. Is j a composite number?
True
Let t = 1038 - 521. Is t composite?
True
Is 1/(-2)*-4 + 83 composite?
True
Suppose -4*g = 5*s - 2687, 4*g - 5*s = 1883 + 814. Is g composite?
False
Suppose 0*t + t - 33 = j, 165 = 5*t + 5*j. Let v = t + -11. Is v a prime number?
False
Let g(r) = 23*r**2 - 9*r + 3. Is g(7) prime?
False
Suppose -3*h - v + 0 = -8, 5*h - 4*v - 19 = 0. Let y be (-1 - -4) + (h - 4). Suppose -5*b + 64 = y*z, z - b - 187 = -4*z. Is z prime?
True
Suppose -h + 8 = 3*h. Let p(w) = -7 - w**2 + 4*w + w**2 + w**h. Is p(-10) a composite number?
False
Let h = -6 + 4. Is 1/(572/284 + h) a composite number?
False
Is (1 - (3 - 105))*1 prime?
True
Suppose 182 = 5*x - 58. Let t = -17 + x. Is t composite?
False
Let f be (-199)/(-3) - (-6)/9. Let s = 98 - f. Is s a composite number?
False
Let b(l) be the third derivative of -1/8*l**4 + 0*l + 1/12*l**5 + 2*l**2 + 5/6*l**3 + 0. Is b(-5) prime?
False
Let x be (-4)/4 + (-100)/2. Is (-10)/(108/x + 2) composite?
True
Let c(v) = -2*v - 7. Let p be c(-6). Let b(g) = g**3 - 4*g**2 - g + 3. Is b(p) composite?
False
Suppose -c = -0*c + 3. Let x = c + 6. Suppose 2*z - x*z + 89 = 0. Is z composite?
False
Let o = 112 - 62. Suppose -r + o = 4*u, 3*u + 5*r - 16 = u. Is u composite?
False
Let w(t) = 14*t**2 - 1. Let r(j) = -j - 1. Let v be r(-8). Suppose -4*d + 1 + v = 0. Is w(d) a composite number?
True
Let r be ((-27)/4)/((-4)/16). Let x = 80 - r. Is x a composite number?
False
Is 3 + 3 + -4 + 675 a composite number?
False
Let z(o) = -16*o - 9. Let v be -2*10*(-1)/(-4). Is z(v) composite?
False
Let x(t) = 2*t**2 + t - 25. Is x(-12) a composite number?
False
Suppose 0*s + 3*t = -5*s - 1983, 2007 = -5*s + 3*t. Suppose -14 = 4*u + b, -3*b + 22 = -4*u - 0*b. Is u/(12/s) + -2 a prime number?
True
Let x(l) = 11*l**2 + 10*l - 8. Let p be x(4). Let b(w) = -5*w. Let k be b(-1). Suppose k*r - p + 23 = 0. Is r prime?
True
Suppose 0 = 5*m - 0*m - 10. Let h be ((-8)/(-3))/(m/3). Suppose 8 + 1 = -3*k, 5*k = -h*x + 293. Is x prime?
False
Let y = -1039 + 1534. Suppose y = 4*s - 5*v, -s = -0*s + v - 117. Let j = s + -51. Is j a composite number?
True
Suppose -39 = 5*c - 3*w, 4*w - 2*w = -4*c - 40. Let o be (-8)/(-6) + (-6)/c. Let s = o + 4. Is s prime?
False
Suppose a + 6 = -16. Let o be 4/22 - 3362/a. Let c = 356 - o. Is c composite?
True
Let b(o) = -2859*o**2 - o - 2. Let h be b(-2). Is (2/3)/((-8)/h) a prime number?
True
Suppose p = 3*c + 259, -518 = -4*p + 2*p - 4*c. Is p a composite number?
True
Suppose -4*i - 7 + 315 = 0. Is i a composite number?
True
Let q = 2693 - -998. Is q composite?
False
Suppose -3*o = 5*l + 475, 285 = -l - 2*l - o. Let h = 294 + l. Is h composite?
False
Let m be 3 + -4 + 4261 + 2. Let o = m - 2943. Is o a prime number?
True
Suppose 60 = -b + 6*b. Suppose 0 = -3*x - b, 2*u + 3*x + 4 = -0*x. Let n(d) = d + 3. Is n(u) prime?
True
Is -3*8/12 + 51 composite?
True
Let q(h) = 5*h**2 + 0*h**3 - 3 + 2 - h**3 - 5*h + 4*h**2. Is q(8) composite?
False
Suppose -5 = -4*h - 21, -2*h = -2*b + 2. Is 419 + (6 + b - 3) composite?
False
Let w(c) = 10*c + 1. Let b be w(-4). Let o = 108 + b. Is o prime?
False
Suppose 17 = -4*y + 29. Suppose 4*s = s + 444. Suppose y*q = -q + s. Is q a prime number?
True
Let x = 18 + 440. Suppose x + 332 = 2*o. Suppose k - o = -4*k. Is k a composite number?
False
Let i = -1 + 5. Suppose -u = 5*b - 114, -3*b + i*b - 26 = -u. Is b prime?
False
Let h be ((-4)/(-3))/(2/21). Is 1337/h*(1 - -1) prime?
True
Let u(b) = b**3 + 8*b**2 + 6*b - 5. Let d be u(-7). Suppose d*l + 1 = 7. Suppose 0 = -4*f - 2*w + 32 + 218, 3*f + l*w = 189. I